{"id":1882,"date":"2012-09-29T18:27:24","date_gmt":"2012-09-29T06:27:24","guid":{"rendered":"http:\/\/sy-akka.de\/wordpress\/?page_id=1882"},"modified":"2012-10-01T22:13:47","modified_gmt":"2012-10-01T09:13:47","slug":"trinkwasser","status":"publish","type":"page","link":"https:\/\/sy-akka.de\/wordpress\/trinkwasser\/","title":{"rendered":"Trinkwasser"},"content":{"rendered":"<p style=\"text-align: justify;\">&#8230; seit den Kanarischen Inseln 2007 haben nur noch selbstgemachtes Wasser an Bord. Unsere zuverl\u00e4ssige &#8222;Quelle&#8220; ist eine Umkehr-Osmose-Anlage oder Wassermacher der Fa. Echotec in Trinidad. Wir haben die 12V Version in Modulbauweise gew\u00e4hlt, die 45 bis 50l\/h produziert. Die Platz sparende Installation in verschiedenen sonst schlecht zu nutzenden Winkeln war einfach mit Bordmitteln selbst auszuf\u00fchren.\u00a0F\u00fcr den Seewasserzulauf haben wir am vorhandene Sp\u00fclwassereintritt f\u00fcr das vordere WC ein Y-Ventil mit 2 separat verschlie\u00dfbaren Abg\u00e4ngen installiert, soda\u00df der Wassermacherzulauf bei Ni8chtbetrieb gesperrt werden kann. Direkt daneben sitzt mit kurzer Saugstrecke die kleine Vorf\u00f6rderpumpe (Booster). Filter unter der Sp\u00fcle, Hochdruckpumpe unter dem Navi-Sitz, das lange Membranengeh\u00e4use unter einem Bodenbrett und das Schaltpaneel am Niedergang. Alle Bauteile und eine gute Anleitung wurden mitgeliefert. Wir erg\u00e4nzten die Anlage um einen unter der Sp\u00fcle montierten 35l Edelstahltank, der fortan per zus\u00e4tzlicher Fu\u00dfpumpe stets frisches Trinkwasser bereit h\u00e4lt. Die 35l reichen uns in den Tropen f\u00fcr ca. 5 Tage Trink- und Kochbedarf. Mit dem Wassermacher wird zun\u00e4chst der Edelstahltank bef\u00fcllt, danach geht das weitere Wasser per \u00dcberlauf in den gro\u00dfen 700l Wassertank, unser Reservoir f\u00fcr Sp\u00fcl- und Duschzwecke, das wir aber nur noch bis max. 1\/3 f\u00fcllen, da regelm\u00e4\u00dfig Wasser nachgemacht wird. Wir machen alle 4 bis 5 Tage f\u00fcr durchschnittlich 2-3 Stunden Wasser. Die Echotec-Anlage hat mit 38A einen hohen Strombedarf, aber zu 90% haben wir die Amperestunden in der Batteriebank verf\u00fcgbar und m\u00fcssen nicht den Motor mit seiner 120A Lichtmaschine zu Hilfe nehmen. &#8211; 2012, nach \u00fcber 40.000l st\u00f6rungsfreier Wasserproduktion, sind wir mit dem gew\u00e4hlten System weiterhin sehr zufrieden.<\/p>\n","protected":false},"excerpt":{"rendered":"<p>&#8230; seit den Kanarischen Inseln 2007 haben nur noch selbstgemachtes Wasser an Bord. Unsere zuverl\u00e4ssige &#8222;Quelle&#8220; ist eine Umkehr-Osmose-Anlage oder Wassermacher der Fa. Echotec in Trinidad. Wir haben die 12V Version in Modulbauweise gew\u00e4hlt, die 45 bis 50l\/h produziert. Die &hellip; <a href=\"https:\/\/sy-akka.de\/wordpress\/trinkwasser\/\">Weiterlesen <span class=\"meta-nav\">&rarr;<\/span><\/a><\/p>\n","protected":false},"author":1,"featured_media":0,"parent":0,"menu_order":0,"comment_status":"closed","ping_status":"closed","template":"","meta":{"spay_email":"","footnotes":""},"jetpack_sharing_enabled":true,"jetpack_shortlink":"https:\/\/wp.me\/P9lYZL-um","jetpack_likes_enabled":true,"jetpack-related-posts":[],"_links":{"self":[{"href":"https:\/\/sy-akka.de\/wordpress\/wp-json\/wp\/v2\/pages\/1882"}],"collection":[{"href":"https:\/\/sy-akka.de\/wordpress\/wp-json\/wp\/v2\/pages"}],"about":[{"href":"https:\/\/sy-akka.de\/wordpress\/wp-json\/wp\/v2\/types\/page"}],"author":[{"embeddable":true,"href":"https:\/\/sy-akka.de\/wordpress\/wp-json\/wp\/v2\/users\/1"}],"replies":[{"embeddable":true,"href":"https:\/\/sy-akka.de\/wordpress\/wp-json\/wp\/v2\/comments?post=1882"}],"version-history":[{"count":0,"href":"https:\/\/sy-akka.de\/wordpress\/wp-json\/wp\/v2\/pages\/1882\/revisions"}],"wp:attachment":[{"href":"https:\/\/sy-akka.de\/wordpress\/wp-json\/wp\/v2\/media?parent=1882"}],"curies":[{"name":"wp","href":"https:\/\/api.w.org\/{rel}","templated":true}]}}