{"id":5112,"date":"2017-08-14T16:19:38","date_gmt":"2017-08-14T20:19:38","guid":{"rendered":"http:\/\/sy-akka.de\/wordpress\/?page_id=5112"},"modified":"2024-02-18T18:22:36","modified_gmt":"2024-02-18T22:22:36","slug":"das-refit","status":"publish","type":"page","link":"https:\/\/sy-akka.de\/wordpress\/crew-und-schiff\/das-schiff\/das-refit\/","title":{"rendered":"Das Refit"},"content":{"rendered":"<hr \/>\n<p style=\"text-align: justify;\">Nachdem wir im Winter 2004\/2005 einige Dinge ge\u00e4ndert und an unsere Anspr\u00fcche angepasst hatten, erhielten wir \u00fcber Interessenten f\u00fcr andere HRs viele Fragen, was wir getan haben, warum, und wie.<br \/>\nDaraus ergab sich die nachfolgende Liste. Nat\u00fcrlich haben wir viel mehr Dinge in die Hand genommen, gepflegt oder repariert. Hier finden sich die wichtigsten, gro\u00dfen Positionen<\/p>\n<p style=\"text-align: justify;\"><strong>Teakdeck <\/strong><\/p>\n<p style=\"text-align: justify; padding-left: 30px;\"><strong>Abnehmen des alten Decks<\/strong> in Eigenarbeit (Entfernen der Teakpfropfen und -Schrauben und Abklopfen der Teakst\u00e4be )<\/p>\n<p style=\"text-align: justify; padding-left: 30px;\"><strong>Anschleifen des Decksuntergrundes<\/strong>, Spachteln der Schraubl\u00f6cher<\/p>\n<p style=\"text-align: justify; padding-left: 30px;\"><strong>Teakdeck neu gelegt<\/strong> durch Werft<br \/>\nin Sikaflex, geschraubt, Cockpit und die Schiebelukgarage wurden neu verfugt\u00a0 und geschliffen<\/p>\n<p style=\"padding-left: 60px; text-align: justify;\"><em>Das alte Teakdeck h\u00e4tte hinsichtlich der verbliebenen Stabdicke noch ein paar Jahre gehalten; allerdings haben wir schon im ersten Sommer \u00fcber den Schrauben viele, teilweise nur noch papierd\u00fcnne Teakpfropfen und die entsprechenden Schrauben ersetzt. Vor allem aber l\u00f6ste sich die Fugengummierung, besonders bei seitlicher Belastung. Ausfr\u00e4sen und neues Verfugen h\u00e4tte ca. 50% der Kosten eines neuen Decks gekostet, daher die Entscheidung, das Deck zu erneuern. Ob wir das heute noch einmal so machen w\u00fcrden, sind wir uns nicht sicher, aber bislang h\u00e4lt unser neues Deck den Belastungen des tropischen Klimas stand&#8230;<br \/>\nDas blanke GFK-Deck wies keine Sch\u00e4den auf.<\/em><\/p>\n<p style=\"padding-left: 30px; text-align: justify;\"><em>Empfehlenswerte Pflegema\u00dfnahme: Regelm\u00e4\u00dfige Behandlung des Teakdecks mit BORACOL, einer Borsalzl\u00f6sung der Fa. Lavtox in Lauenburg<\/em><\/p>\n<p>&nbsp;<\/p>\n<p style=\"text-align: justify;\"><strong>Schandeckel<\/strong><\/p>\n<p style=\"text-align: justify; padding-left: 30px;\"><strong>2004: <\/strong>gerissene Abschnitte ersetzt bzw. ausgebessert<br \/>\nEdelstahl-Tritt- und Schamfilschutz an einigen Stellen erweitert (z.B. an Festmacher- und Lippklampen<\/p>\n<p style=\"text-align: justify; padding-left: 60px;\"><span style=\"font-family: Arial,Helvetica,Geneva,sans-serif,sans-serif;\"><i>Der Schandeckel ist ein flaches U-Profil aus Teak, das mit Silikonmasse mehr oder weniger solide auf die S\u00fcllkante aufgebracht ist. Bei seitlicher Belastung kommt es leicht zu Sch\u00e4den<\/i><\/span><\/p>\n<p style=\"text-align: justify; padding-left: 30px;\"><strong>2015<\/strong> &#8211; gesamte Fu\u00dfleiste in Malaysia erneuert<\/p>\n<p style=\"text-align: justify;\"><strong>Doradel\u00fcfter<\/strong><\/p>\n<p style=\"text-align: justify; padding-left: 30px;\">Geh\u00e4use der Doraden ersetzt<br \/>\nVETUS Kunststoff mit pulverbeschichteten Aluunterteilen<\/p>\n<p style=\"padding-left: 60px; text-align: justify;\"><em>Der Kunststoff war nach 18 Jahren teilweise br\u00fcchig bzw. gerissen, die Pulverbeschichtung der Unterteile unterwandert und korrodiert<br \/>\nSiebeinsatz des Innenteils teilweise korrodiert<\/em><\/p>\n<p style=\"padding-left: 60px; text-align: justify;\"><em>Leider sind die neuen Siebeins\u00e4tze aus Kunststoff und das Plastiknetzgewebe sehr &#8222;zart&#8220; mit dem Rahmen verbunden, also Vorsicht bei der Montage.<\/em><\/p>\n<p style=\"text-align: justify; padding-left: 30px;\">Doradesch\u00e4chte mit Kunststoff ausgekleidet<\/p>\n<p style=\"padding-left: 60px; text-align: justify;\"><em>Die inneren Doradesch\u00e4chte waren mit Vinyl ausgekleidet, das sich gel\u00f6st hatte<br \/>\nHierf\u00fcr haben wir Mauerschachtauskleidung aus dem Baustoffhandel aufgeschnitten, angepasst\u00a0 und mit Sikaflex eingeklebt &#8211; kosteng\u00fcnstig und sauber<br \/>\n<\/em><\/p>\n<p>&nbsp;<\/p>\n<p style=\"text-align: justify;\"><strong>Anker<\/strong><\/p>\n<p style=\"text-align: justify; padding-left: 30px;\">Ankerkette (50m x 9,xx mm) gegen 80 m x 10 mm-Edelstahlkette getauscht; wegen Edelstahlkorrosion neue feuerverzinkte Kette in 2009<\/p>\n<p style=\"text-align: justify; padding-left: 30px;\">Ankerwinde ersetzt<\/p>\n<p style=\"text-align: justify; padding-left: 30px;\">Bugrolle modifiziert<\/p>\n<p style=\"padding-left: 60px; text-align: justify;\"><em>F\u00fcr unsere Langfahrtpl\u00e4ne wurde die gesamte Ankerausr\u00fcstung ausgetauscht &#8211; die Kette von der z\u00f6lligen 9 mm-Kette\u00a0 auf 10 mm heraufgesetzt, was den Austausch der Ankerwinde nach sich zog, da eine metrische Kettennuss f\u00fcr die alte Winde nicht erh\u00e4ltlich war.<br \/>\nDer 22 kg CQR-Anker wurde zun\u00e4chst gegen einen 25 kg Deltaanker getauscht, 2006 wurde der Delta zum Zweit- und ein 30 kg B\u00fcgelanker der Hauptanker.<br \/>\nDie Bugrolle wurde f\u00fcr zwei Ankerketten modifiziert, die Backbordseite ist gleichzeitig Durchtritt f\u00fcr einen kurzen Gennaker-Stummel.<br \/>\nMit der 10-mm-Edelstahlkette waren wir bis Dezember 2008 gl\u00fccklich, Edelstahlketten stauen sehr leicht, sind sehr sauber, aber korrodieren in tropischer Umgebung in erschreckendem Ausma\u00df, wie wir in Brasilien feststellen mussten.<br \/>\nSeit Trinidad f\u00e4hrt AKKA eine feuerverzinkte 3\/8-Zoll-Kette von ACCO aus den USA<br \/>\n<\/em><\/p>\n<p style=\"text-align: justify;\"><strong>Relingsst\u00fctzen<\/strong><\/p>\n<p style=\"text-align: justify; padding-left: 30px;\">Zementierung mit Epoxy nachgebessert<\/p>\n<p style=\"text-align: justify;\"><strong>Rigg<\/strong><\/p>\n<p style=\"text-align: justify; padding-left: 30px;\">Durchsicht beim Mastenbauer.<br \/>\nUmschaltung der Gro\u00dfrollanlage von Hydraulik auf manuellen Betrieb g\u00e4ngig gemacht.<\/p>\n<p style=\"text-align: justify; padding-left: 30px;\">Kutterstag (im Masttopp ansetzend) nachger\u00fcstet<\/p>\n<p style=\"text-align: justify; padding-left: 30px;\">Neues stehendes Gut rundum<\/p>\n<p style=\"text-align: justify; padding-left: 30px;\">Genua-Rollanlage<br \/>\nDurchsicht beim Mastenbauer<br \/>\nNeue Furlingleine aus Dyneema<\/p>\n<p style=\"text-align: justify;\"><strong>Segel<\/strong><\/p>\n<p style=\"text-align: justify; padding-left: 30px;\">Bis auf Besan und die Genua 2 sind alle Segel neu, zus\u00e4tzlich gab es eine neue Sturmfock, eine Arbeitsfock und den Gennaker<\/p>\n<p style=\"text-align: justify; padding-left: 30px;\">Rollgro\u00df und Rollgenau erhielten UV-Schutz, die Genua zus\u00e4tzlich eine Persenning f\u00fcr l\u00e4ngere Liegezeiten.<\/p>\n<p style=\"text-align: justify; padding-left: 30px;\">Die alte 100%-Genua wurde zus\u00e4tzlich auf Stagreiter umger\u00fcstet um sie am Kutterstag fahren zu k\u00f6nnen<br \/>\n2012 wurde die alte Genua erneut revidiert und mit einem neuen Vorliek f\u00fcr die Rollanlage ausger\u00fcstet.<br \/>\nSonnenschutzpersenning in Eigenarbeit nachger\u00fcstet<\/p>\n<p style=\"text-align: justify;\"><strong>Unterwasserschiff<\/strong><\/p>\n<p style=\"text-align: justify; padding-left: 30px;\">Entfernung der diversen Antifoulingschichten mit Peel-Away bis auf das Gelcoat<br \/>\nAnschleifen des Topcoats<br \/>\nOsmose-Prophylaxe nach West-System = 4 Schichten West-Epoxy mit Alu-Pulver bzw. Sperrschicht, danach 4 Schichten Coppershield als Antifouling<\/p>\n<p style=\"text-align: justify; padding-left: 30px;\">2009 in Trinidad Wasserlinie etwas h\u00f6her gelegt und mit Coppershield versehen; neuer Anschliff<\/p>\n<p style=\"text-align: justify; padding-left: 30px;\">2013 in Opua\/Neuseeland Ausbesserungsarbeiten und eine weitere Schicht Coppershield hinzugef\u00fcgt. Schlechter Anschliff durch den Boatyard, so dass wir in Brisbane nochmals aus dem Wasser sind um den Anschliff nachzubessern.<\/p>\n<p>&nbsp;<\/p>\n<p style=\"text-align: justify;\"><strong>Ruder<\/strong><\/p>\n<p style=\"text-align: justify; padding-left: 30px;\">Risse im Ruderblatt gespachtelt<\/p>\n<p style=\"text-align: justify; padding-left: 30px;\">Neuer Ruderlagerzapfen aus Bronze gefertigt<\/p>\n<p>&nbsp;<\/p>\n<p style=\"text-align: justify;\"><strong>Motor<\/strong><\/p>\n<p style=\"text-align: justify; padding-left: 30px;\">gr\u00fcndliche Inspektion mit Pr\u00fcfung Ventilspiel, Druckverlust, Kompression etc.<\/p>\n<p style=\"text-align: justify; padding-left: 30px;\">K\u00fchlwasserkreislauf ges\u00e4ubert<\/p>\n<p>&nbsp;<\/p>\n<p style=\"text-align: justify;\"><strong>Elektrik<\/strong><\/p>\n<p style=\"text-align: justify; padding-left: 30px;\">2&#215;180 Ah Blei-S\u00e4ure-Batterien im Bug f\u00fcr Ankerwinde und Bugstrahlruder ersetzt durch 2&#215;50 AhSpiralbatterien<\/p>\n<p style=\"text-align: justify; padding-left: 30px;\">Windgenerator Superwind<\/p>\n<p style=\"text-align: justify; padding-left: 30px;\">2 x 120 Wp Solarpaneele (SOLARA) an der Reling<\/p>\n<p style=\"text-align: justify; padding-left: 30px;\">2009 in Trinidad: 150 Wp Solarpanel auf neuem Hecktr\u00e4ger<\/p>\n<p style=\"padding-left: 30px;\">2012 in Neuseeland: neue AGM-Batterien<\/p>\n<p style=\"padding-left: 30px;\">2017 in Brasilien: neue AGM-Batterien; diese Batterien erwiesen sich schon auf der Strecke zwischen Brasilien und Guyana als \u00fcberaltert, sodass in Trinidad ein neuer Satz AGM eingebaut wurde.<\/p>\n<p>&nbsp;<\/p>\n<p style=\"text-align: justify;\"><strong>Au\u00dfenhaut <\/strong><\/p>\n<p style=\"text-align: justify; padding-left: 30px;\">Der blaue HR-Streifen wurde neu gespritzt.<\/p>\n<p style=\"text-align: justify; padding-left: 30px;\">Gelcoatpflege mit NANOCOAT<\/p>\n<p style=\"text-align: justify; padding-left: 30px;\">Seitenfenster ausgebaut, poliert und mit neuer Rundschnurdichtung versehen<\/p>\n<p>&nbsp;<\/p>\n<p style=\"text-align: justify;\"><strong>Luken <\/strong><\/p>\n<p style=\"text-align: justify; padding-left: 30px;\">Die Gl\u00e4ser der Decksluken (Moonlight) wurden beim Hersteller BSI in Haderslev in neue Dichtungsmasse gelegt.<\/p>\n<p style=\"text-align: justify; padding-left: 30px;\">Die Alurahmen der feststehenden Cockpitverglasung wurden ersetzt<\/p>\n<p>&nbsp;<\/p>\n<p style=\"text-align: justify;\"><strong>Sprayhood<\/strong><\/p>\n<p style=\"text-align: justify; padding-left: 30px;\">2006 neue Sprayhood durch <a href=\"http:\/\/www.emw-persenninge.de\/persenninge-und-mehr\/index.html\">EMW\/Rieseby<\/a> &#8211; die so gut ist, dass wir sie dort 2011 gleich noch einmal haben herstellen lassen.\u00a0 Beide sind noch immer im Dienst (2017)<\/p>\n<p>&nbsp;<\/p>\n<p style=\"text-align: justify;\"><strong>Inneneinrichtung<\/strong><\/p>\n<p style=\"text-align: justify; padding-left: 30px;\">Matratzen neu (und 2018 in Trinidad wieder neu)<\/p>\n<p style=\"text-align: justify; padding-left: 30px;\">Polster und -bez\u00fcge im Salon neu<\/p>\n<p>&nbsp;<\/p>\n<p style=\"text-align: justify;\"><strong>Toiletten<\/strong><\/p>\n<p style=\"text-align: justify; padding-left: 30px;\">Beide Baby-Blake Toiletten wurden komplett auseinandergebaut, ges\u00e4ubert und mit neuen Dichtungss\u00e4tzen versehen<\/p>\n<p>&nbsp;<\/p>\n<p style=\"text-align: justify;\"><strong>Sonstiges<\/strong><\/p>\n<p style=\"text-align: justify; padding-left: 30px;\">Alle Schrauben und Edelstahlelemente wurden ges\u00e4ubert und an Poliermaschine poliert bzw.nach Bedarf ersetzt; die Hole-Arme der selbstholenden Winschen neu verchromt, die Festmacherklampen neu eloxiert.<\/p>\n<p style=\"padding-left: 30px; text-align: justify;\"><em>\u00a0<\/em><\/p>\n","protected":false},"excerpt":{"rendered":"<p>Nachdem wir im Winter 2004\/2005 einige Dinge ge\u00e4ndert und an unsere Anspr\u00fcche angepasst hatten, erhielten wir \u00fcber Interessenten f\u00fcr andere HRs viele Fragen, was wir getan haben, warum, und wie. Daraus ergab sich die nachfolgende Liste. Nat\u00fcrlich haben wir viel &hellip; <a href=\"https:\/\/sy-akka.de\/wordpress\/crew-und-schiff\/das-schiff\/das-refit\/\">Weiterlesen <span class=\"meta-nav\">&rarr;<\/span><\/a><\/p>\n","protected":false},"author":1,"featured_media":0,"parent":5202,"menu_order":0,"comment_status":"closed","ping_status":"closed","template":"","meta":{"spay_email":"","footnotes":""},"jetpack_sharing_enabled":true,"jetpack_shortlink":"https:\/\/wp.me\/P9lYZL-1ks","jetpack_likes_enabled":true,"jetpack-related-posts":[],"_links":{"self":[{"href":"https:\/\/sy-akka.de\/wordpress\/wp-json\/wp\/v2\/pages\/5112"}],"collection":[{"href":"https:\/\/sy-akka.de\/wordpress\/wp-json\/wp\/v2\/pages"}],"about":[{"href":"https:\/\/sy-akka.de\/wordpress\/wp-json\/wp\/v2\/types\/page"}],"author":[{"embeddable":true,"href":"https:\/\/sy-akka.de\/wordpress\/wp-json\/wp\/v2\/users\/1"}],"replies":[{"embeddable":true,"href":"https:\/\/sy-akka.de\/wordpress\/wp-json\/wp\/v2\/comments?post=5112"}],"version-history":[{"count":7,"href":"https:\/\/sy-akka.de\/wordpress\/wp-json\/wp\/v2\/pages\/5112\/revisions"}],"predecessor-version":[{"id":7477,"href":"https:\/\/sy-akka.de\/wordpress\/wp-json\/wp\/v2\/pages\/5112\/revisions\/7477"}],"up":[{"embeddable":true,"href":"https:\/\/sy-akka.de\/wordpress\/wp-json\/wp\/v2\/pages\/5202"}],"wp:attachment":[{"href":"https:\/\/sy-akka.de\/wordpress\/wp-json\/wp\/v2\/media?parent=5112"}],"curies":[{"name":"wp","href":"https:\/\/api.w.org\/{rel}","templated":true}]}}