{"id":5132,"date":"2017-08-14T16:05:32","date_gmt":"2017-08-14T20:05:32","guid":{"rendered":"http:\/\/sy-akka.de\/wordpress\/?page_id=5132"},"modified":"2017-08-15T08:11:07","modified_gmt":"2017-08-15T12:11:07","slug":"crew-und-schiff","status":"publish","type":"page","link":"https:\/\/sy-akka.de\/wordpress\/crew-und-schiff\/","title":{"rendered":"Crew &#038; Schiff"},"content":{"rendered":"<div id=\"attachment_5096\" style=\"width: 310px\" class=\"wp-caption alignleft\"><a href=\"http:\/\/sy-akka.de\/wordpress\/schiff-crew\/mercator-wiki\/\" rel=\"attachment wp-att-5096\"><img loading=\"lazy\" decoding=\"async\" aria-describedby=\"caption-attachment-5096\" data-attachment-id=\"5096\" data-permalink=\"https:\/\/sy-akka.de\/wordpress\/mercator-wiki\/\" data-orig-file=\"https:\/\/i1.wp.com\/sy-akka.de\/wordpress\/wp-content\/Mercator-Wiki.jpg?fit=600%2C600&amp;ssl=1\" data-orig-size=\"600,600\" data-comments-opened=\"1\" data-image-meta=\"{&quot;aperture&quot;:&quot;0&quot;,&quot;credit&quot;:&quot;&quot;,&quot;camera&quot;:&quot;&quot;,&quot;caption&quot;:&quot;&quot;,&quot;created_timestamp&quot;:&quot;0&quot;,&quot;copyright&quot;:&quot;&quot;,&quot;focal_length&quot;:&quot;0&quot;,&quot;iso&quot;:&quot;0&quot;,&quot;shutter_speed&quot;:&quot;0&quot;,&quot;title&quot;:&quot;&quot;,&quot;orientation&quot;:&quot;0&quot;}\" data-image-title=\"Mercator Wiki\" data-image-description=\"\" data-medium-file=\"https:\/\/i1.wp.com\/sy-akka.de\/wordpress\/wp-content\/Mercator-Wiki.jpg?fit=300%2C300&amp;ssl=1\" data-large-file=\"https:\/\/i1.wp.com\/sy-akka.de\/wordpress\/wp-content\/Mercator-Wiki.jpg?fit=584%2C584&amp;ssl=1\" class=\"size-medium wp-image-5096\" src=\"https:\/\/i2.wp.com\/sy-akka.de\/wordpress\/wp-content\/Mercator-Wiki-300x300.jpg?resize=300%2C300\" alt=\"\" width=\"300\" height=\"300\" srcset=\"https:\/\/i1.wp.com\/sy-akka.de\/wordpress\/wp-content\/Mercator-Wiki.jpg?resize=300%2C300&amp;ssl=1 300w, https:\/\/i1.wp.com\/sy-akka.de\/wordpress\/wp-content\/Mercator-Wiki.jpg?resize=150%2C150&amp;ssl=1 150w, https:\/\/i1.wp.com\/sy-akka.de\/wordpress\/wp-content\/Mercator-Wiki.jpg?w=600&amp;ssl=1 600w\" sizes=\"(max-width: 300px) 100vw, 300px\" data-recalc-dims=\"1\" \/><\/a><p id=\"caption-attachment-5096\" class=\"wp-caption-text\">Viel Blau f\u00fcr eine Segelreise<\/p><\/div>\n<p align=\"JUSTIFY\"><strong>Ein Schiff f\u00fcr eine Crew<br \/>\n<\/strong><\/p>\n<p align=\"JUSTIFY\">Seit den fr\u00fchen 80ern sind wir viele Wochen auf Charterschiffen durch die Karibik, die Ostsee und die \u00c4g\u00e4is gesegelt, zun\u00e4chst in Kojencharter. Sp\u00e4ter segelten wir bareboat, fast immer <a href=\"http:\/\/sy-akka.de\/wordpress\/die-crew\/\">als Zweiercrew<\/a>.<br \/>\nDer Traum von einer gro\u00dfen Segelreise begann mit B\u00fcchern, Hiscock, Kammler, Naomi James, und praktisch ganz klein in der D\u00e4nischen S\u00fcdsee. Dann drehten wir auf den Kanaren unsere Runden. In La Restinga\/El Hierro schauten wir in die untergehende Sonne und wussten &#8211; in dieser Richtung gibt es erst einmal lange nichts, und dann kommt die Karibik. Da m\u00fcssen wir hin, Atlantik\u00fcberquerung, das m\u00fcssen wir wenigstens einmal machen&#8230; So kam 1991 die \u00dcberf\u00fchrung einer alten Swan 48 von Gran Canaria nach Antigua; danach waren wir auf Langfahrt gepolt &#8211; f\u00fcr viele Bekannte ein v\u00f6lliges Unding. Nur: auch wenn wir uns unserer Sache sicher waren, die Verwirklichung des Traumes von<\/p>\n<p align=\"JUSTIFY\">einer jahrelangen Reise erlaubten die Jobs noch nicht &#8211; wir klaubten uns jedes Jahr einen m\u00f6glichst langen Segelurlaub zum Jahreswechsel zusammen, und meist landeten wir wieder in der Karibik.<\/p>\n<p>2003 &#8211; Andreas liegt ein Vorschlag auf Altersteilzeit vor, und wir sind uns einig: Die Frage hei\u00dft\u00a0 nicht mehr ob, sondern wann es losgehen kann, nicht mehr, ob ein eigenes Schiff, sondern nur noch: was f\u00fcr eines?<\/p>\n","protected":false},"excerpt":{"rendered":"<p>Ein Schiff f\u00fcr eine Crew Seit den fr\u00fchen 80ern sind wir viele Wochen auf Charterschiffen durch die Karibik, die Ostsee und die \u00c4g\u00e4is gesegelt, zun\u00e4chst in Kojencharter. Sp\u00e4ter segelten wir bareboat, fast immer als Zweiercrew. Der Traum von einer gro\u00dfen &hellip; <a href=\"https:\/\/sy-akka.de\/wordpress\/crew-und-schiff\/\">Weiterlesen <span class=\"meta-nav\">&rarr;<\/span><\/a><\/p>\n","protected":false},"author":1,"featured_media":0,"parent":0,"menu_order":0,"comment_status":"closed","ping_status":"closed","template":"","meta":{"spay_email":"","footnotes":""},"jetpack_sharing_enabled":true,"jetpack_shortlink":"https:\/\/wp.me\/P9lYZL-1kM","jetpack_likes_enabled":true,"jetpack-related-posts":[],"_links":{"self":[{"href":"https:\/\/sy-akka.de\/wordpress\/wp-json\/wp\/v2\/pages\/5132"}],"collection":[{"href":"https:\/\/sy-akka.de\/wordpress\/wp-json\/wp\/v2\/pages"}],"about":[{"href":"https:\/\/sy-akka.de\/wordpress\/wp-json\/wp\/v2\/types\/page"}],"author":[{"embeddable":true,"href":"https:\/\/sy-akka.de\/wordpress\/wp-json\/wp\/v2\/users\/1"}],"replies":[{"embeddable":true,"href":"https:\/\/sy-akka.de\/wordpress\/wp-json\/wp\/v2\/comments?post=5132"}],"version-history":[{"count":6,"href":"https:\/\/sy-akka.de\/wordpress\/wp-json\/wp\/v2\/pages\/5132\/revisions"}],"predecessor-version":[{"id":5201,"href":"https:\/\/sy-akka.de\/wordpress\/wp-json\/wp\/v2\/pages\/5132\/revisions\/5201"}],"wp:attachment":[{"href":"https:\/\/sy-akka.de\/wordpress\/wp-json\/wp\/v2\/media?parent=5132"}],"curies":[{"name":"wp","href":"https:\/\/api.w.org\/{rel}","templated":true}]}}